{"id":2932,"date":"2021-06-02T10:47:43","date_gmt":"2021-06-02T10:47:43","guid":{"rendered":"https:\/\/mlinarica.hr\/izmjene\/?page_id=2932"},"modified":"2021-06-05T12:07:39","modified_gmt":"2021-06-05T12:07:39","slug":"izjava-o-tajnosti-i-povjerljivosti-podataka","status":"publish","type":"page","link":"https:\/\/mlinarica.hr\/izmjene\/izjava-o-tajnosti-i-povjerljivosti-podataka\/","title":{"rendered":"Izjava o tajnosti i povjerljivosti podataka"},"content":{"rendered":"\t\t<div data-elementor-type=\"wp-page\" data-elementor-id=\"2932\" class=\"elementor elementor-2932\" data-elementor-post-type=\"page\">\n\t\t\t\t\t\t<section class=\"elementor-section elementor-top-section elementor-element elementor-element-dc54b33 elementor-section-height-min-height elementor-section-boxed elementor-section-height-default elementor-section-items-middle\" data-id=\"dc54b33\" data-element_type=\"section\" data-settings=\"{&quot;background_background&quot;:&quot;classic&quot;}\">\n\t\t\t\t\t\t\t<div class=\"elementor-background-overlay\"><\/div>\n\t\t\t\t\t\t\t<div class=\"elementor-container elementor-column-gap-default\">\n\t\t\t\t\t<div class=\"elementor-column elementor-col-100 elementor-top-column elementor-element elementor-element-7022839\" data-id=\"7022839\" data-element_type=\"column\">\n\t\t\t<div class=\"elementor-widget-wrap elementor-element-populated\">\n\t\t\t\t\t\t<div class=\"elementor-element elementor-element-577f75f elementor-widget elementor-widget-heading\" data-id=\"577f75f\" data-element_type=\"widget\" data-widget_type=\"heading.default\">\n\t\t\t\t<div class=\"elementor-widget-container\">\n\t\t\t<h1 class=\"elementor-heading-title elementor-size-default\">Izjava o tajnosti i povjerljivosti podataka<\/h1>\t\t<\/div>\n\t\t\t\t<\/div>\n\t\t\t\t<div class=\"elementor-element elementor-element-d60105e elementor-widget elementor-widget-text-editor\" data-id=\"d60105e\" data-element_type=\"widget\" data-widget_type=\"text-editor.default\">\n\t\t\t\t<div class=\"elementor-widget-container\">\n\t\t\t\t\t\t\t<h4><span style=\"color: #fda12a;\"><strong>Uvodne odredbe<\/strong><\/span><\/h4><p>Pristupanjem i\/ili uporabom internetskih stranica www.mlinarica.hr u vlasni\u0161tvu <strong>Obrta Mlinarica, Vl. Ivica Jendri\u0107<\/strong> ( u daljnjem tekstu obrt Mlinarica ) Korisnik potvr\u0111uje da je pro\u010ditao, razumio te da je suglasan s Uvjetima povjerljivosti podataka i na\u010dinima uporabe internetskih stranica obrta Mlinarica. Ukoliko Korisnik s istim nije suglasan, du\u017ean se suzdr\u017eati od kori\u0161tenja istih, napustiti ih te ne pristupati i\/ili koristiti internetske stranice obrta Mlinarica.<\/p><h4><span style=\"color: #fda12a;\"><strong>Promjene povjerljivosti podataka<\/strong><\/span><\/h4><p>Obrt Mlinarica ovla\u0161ten je izmijeniti Izjavu o povjerljivosti podataka u bilo kojem trenutku objavljivanjem izmijenjenog teksta izjave o povjerljivosti podataka na Internetskim stranicama obrta Mlinarica. Izmjena izjave o povjerljivosti podataka stupa na snagu odmah nakon objave na internetskim stranicama www.mlinarica.hr. Bilo kakvo kori\u0161tenje ovih internetskih stranica od strane Krajnjeg korisnika nakon takve obavijesti podrazumijevat \u0107e se kao prihva\u0107anje tih promjena.<\/p><p>Korisnik se obvezuje povremeno iznova pro\u010ditati Izjavu o povjerljivosti podataka kako bi se upoznao s eventualnim promjenama. Ukoliko Korisnik koristi internetske stranice nakon izmjene Izjave o povjerljivosti podataka, presumira se da se upoznao s izmjenama, da ih razumije i u cijelosti prihva\u0107a. Isklju\u010dujemo odgovornost za bilo kakvu \u0161tetu prouzro\u010denu korisnicima, registriranim korisnicima ili tre\u0107im osobama uslijed takvih izmjena.<\/p><h4><span style=\"color: #fda12a;\"><strong>Vrste prikupljenih informacija i njihova uporaba<\/strong><\/span><\/h4><p>Obrt Mlinarica prikuplja osobne informacija koje identificiraju Korisnike Internetskih stranica. Kada se Korisnik uklju\u010di u odre\u0111ene aktivnosti na stranicama tvrtke obrta Mlinarica kao \u0161to su otvaranje korisni\u010dkog ra\u010duna, pretplata na newsletter, objavljivanje sadr\u017eaja i\/ili objavljivanje tekstova na forumima, sudjelovanje u natjecanjima u organizaciji obrta Mlinarica, ispunjavanje anketa, objavljivanje komentara, slanje povratnih informacija obrtu Mlinarica, tra\u017eenje informacija o proizvodima obrta Mlinarica, obrt Mlinarica mo\u017ee zatra\u017eiti od Korisnika pru\u017eanje odre\u0111enih informacija o sebi. Korisnik nije du\u017ean uklju\u010diti se u navedene aktivnosti. Ukoliko se Korisnik odlu\u010di uklju\u010diti, obrt Mlinarica je ovla\u0161ten zatra\u017eiti osobne informacije: ime i prezime, adresa (uklju\u010duju\u0107i po\u0161tanski broj), e-mail adresa, telefonski broj i\/ili neke druge osobne podatke.<\/p><p>Obrt Mlinarica je ovla\u0161ten koristiti osobne informacije Korisnika kako bi vam ponudio proizvode i usluge, organizirao natjecanja, unaprijedio rad Internetskih stranica, pobolj\u0161ao ogla\u0161iva\u010dke i promocijske napore, analizirao uporabu Internetskih stranica, pobolj\u0161ao ponudu proizvoda i usluga te ispitao va\u0161e iskustvo s tre\u0107im stranama. Osim toga, ako koristite Internetske stranice obrta Mlinarica za slanje informacija ili proizvoda drugim osobama, obrt Mlinarica je ovla\u0161ten pohraniti osobne informacije Korisnika i primatelja. Obrt Mlinarica je ovla\u0161ten koristiti osobne informacije Korisnika za rje\u0161avanje problema, provedbu administracijskih zadataka, uspostavljanje kontakta, po\u0161tivanje ugovora, uklju\u010duju\u0107i Uvjete kori\u0161tenja i Izjave o povjerljivosti podataka internet stranica obrta Mlinarica, po\u0161tivanje odgovaraju\u0107ih zakona te suradnju sa slu\u017ebama za provo\u0111enje zakona.<\/p><p>Obrt Mlinarica je ovla\u0161ten prikupljati informacije koje ne identificiraju specifi\u010dnog Krajnjeg korisnika, uklju\u010duju\u0107i Uniform Resource Locator (URL) internetske stranice koju je Korisnik posjetio prije otvaranja internetskih stranica obrta Mlinarica, URL internetske stranice koju je Korisnik posjetio nakon napu\u0161tanja internetskih stranica obrta Mlinarica, vrstu pretra\u017eiva\u010da kojeg Korisnik koristi te Korisnikovu Internet Protocol (IP) adresu. Ovla\u0161teni pru\u017eatelji usluga i ogla\u0161iva\u010di, mogu automatski prikupljati ove informacije prilikom posjete internet stranicama obrta Mlinarica, putem \u201ekola\u010di\u0107a\u201c i\u00a0 drugih alata. Obrt Mlinarica koristi takve podatke isklju\u010divo za rje\u0161avanje problema, administriranje Internetske stranice, analizu trendova, skupljanje demografskih podataka, analizu sukladnosti s pozitivnim propisima i suradnju sa slu\u017ebama za provo\u0111enje zakona.<\/p><p>Ovisno o vrstama aktivnosti, neke informacije su odre\u0111ene kao obavezne, a neke kao dobrovoljne. Ako Korisnik ne pru\u017ei obvezne informacije za odre\u0111enu aktivnost koja ih zahtijeva, ne\u0107e mu biti dopu\u0161teno uklju\u010divanje u takvu aktivnost. Obrt Mlinarica ne\u0107e prikupljati osobne podatke putem svojih internetskih\u00a0 stranica i to: ime i prezime, adresa, telefonski broj ili elektroni\u010dka adresa korisnika, osim ako ih Korisnik dobrovoljno prijavi, obrtu Mlinarica ili isto u\u010dini putem ankete, suglasno\u0161\u0107u i\/ili ako tako dopu\u0161taju va\u017ee\u0107i zakoni i propisi za za\u0161titu osobnih podataka.<\/p><h4><span style=\"color: #fda12a;\"><strong>Objavljivanje osobnih informacija<\/strong><\/span><\/h4><p>Obrt Mlinarica se obvezuje da ne\u0107e zloupotrebljavati prikupljene osobne podatke niti ih bez va\u0161eg dopu\u0161tenja prepu\u0161tati tre\u0107im osobama, osim u slu\u010dajevima u kojima tako izri\u010dito propisuje zakon te u slu\u010dajevima kada je to potrebno za ispunjenje obveza<\/p><p>Obrt Mlinarica pru\u017ea odre\u0111ene usluge i proizvode preko tre\u0107ih strana. Tre\u0107i pru\u017eatelji usluga provode odre\u0111ene aktivnosti u ime i za ra\u010dun obrta Mlinarica kao \u0161to su slanje i distribucija administrativnih i promocijskih e-mail poruka ili po\u0161iljaka. Obrt Mlinarica mo\u017ee podijeliti osobne podatke Korisnika s takvim Pru\u017eateljima usluga za ispunjavanje narud\u017ebi, isporuku paketa, slanje zemaljske po\u0161te i e-mail po\u0161te, administriranje natjecanja, uklanjanje duplikata informacija na popisima klijenata, analizu podataka, pru\u017eanje usluga ogla\u0161avanja, osiguravanje rezultata pretrage i veze, obradu pla\u0107anja kreditnim karticama, upravljanje Internetskim stranicama, rje\u0161avanje problema, i pru\u017eanje korisni\u010dkih usluga.<\/p><p>Obrt Mlinarica je ovla\u0161ten otkriti informacije o Korisniku u svrhu za\u0161tite obrta Mlinarica i za\u0161tite drugih. Obrt Mlinarica je ovla\u0161ten otkriti identifikacijske osobne informacije Korisnika kad je opravdano o\u010dekivati da \u0107e njihovo otkrivanje pomo\u0107i provo\u0111enju zakona ili je nu\u017eno kao posljedica sudskog naloga, da \u0107e osigurati sukladnost s ovom Izjavom o povjerljivosti podataka, Uvjetima o kori\u0161tenju na\u0161ih Internetskih stranica ili drugim ugovorima; ili za\u0161tititi prava vlasni\u0161tva ili sigurnosti ovih Internetskih stranica, njihovih Korisnika ili drugih osoba.<\/p><p>Ako Korisnik ne \u017eeli da se njegovi osobni podaci upotrebljavaju za podr\u0161ku odnosa s kupcima (osobito za izravni marketing ili istra\u017eivanje tr\u017ei\u0161ta), obrt Mlinarica \u0107e po\u0161tovati Korisnikov izbor. Osobne identifikacijske podatke obrt Mlinarica ne prodaje ni ne plasira na tr\u017ei\u0161te tre\u0107im osobama.<\/p><h4><span style=\"color: #fda12a;\"><strong>Nadopune i ispravljanje informacija<\/strong><\/span><\/h4><p>Korisnik je ovla\u0161ten promijeniti bilo koji osobni podatak slanjem e-mail poruke na adresu info@mlinarica.hr ili promjenom profila korisnika. U e-mail poruci Korisnik je du\u017ean navesti ime i prezime, adresu i e-mail adresu, te koje informacije \u017eeli nadopuniti. Korisnik tako\u0111er mo\u017ee svakodobno zatra\u017eiti brisanje ili uklanjanje informacija o svom korisni\u010dkom ra\u010dunu. Korisnik je upoznat da tvrtka obrt Mlinarica ne mo\u017ee izbrisati informacije povezane s pro\u0161lim transakcijama na stranicama obrta Mlinarica.<\/p><h4><span style=\"color: #fda12a;\"><strong>Izbor korisnika u vezi s prikupljanjem i uporabom osobnih informacija<\/strong><\/span><\/h4><p>Korisnik ne mo\u017ee isklju\u010diti primanje Administrativnih e-mail poruka koje se odnose na Korisni\u010dku aktivnost na Internetskoj stranici, i uklju\u010duju poruke u vezi s odre\u0111enim Korisni\u010dkim ra\u010dunima, zahtjeve ili upite te poruke u vezi s kupnjom proizvoda i usluga.\u00a0 Korisnik ima mogu\u0107nost zatra\u017eiti promocijske e-mail poruke koje ogla\u0161avaju proizvode obrta Mlinarica, uklju\u010duju\u0107i ekskluzivne prodajne i druge ponude, i\/ili proizvode i usluge povezanih tvrtki. Obrt Mlinarica \u0161alje promocijske e-mail poruke registriranim Korisnicima koji su odabrali opciju primanja promocijskih poruka. Ukoliko Korisnik ne \u017eeli primati promocijske e-mail poruke u bilo kojem trenutku nakon registriranja mo\u017ee odabrati opciju otkazivanja primanja promocijskih e-mail poruka. U slu\u010daju kontaktiranja, Korisnik treba navesti ime i prezime, adresu, e-mail adresu i koju vrstu promocijskih e-mail poruka vi\u0161e ne \u017eeli primati.<\/p><h4><span style=\"color: #fda12a;\"><strong>Za\u0161tita podataka<\/strong><\/span><\/h4><p>Za za\u0161titu osobnih podataka od slu\u010dajnog ili nezakonitog uni\u0161tenja, gubitka ili izmjena te od neovla\u0161tenog otkrivanja ili pristupatvrtka obrt Mlinarica poduzima tehni\u010dke i organizacijske mjere sigurnosti.<\/p><p>Ukoliko Korisnik ima registriran korisni\u010dki ra\u010dun koji sadr\u017ei osobne podatke na stranicama obrta Mlinarica istom mo\u017ee pristupiti pomo\u0107u zaporke i e-mail adrese. Korisniku se preporu\u010duje ne otkrivati zaporku tre\u0107im osobama. Korisnik je upoznat s \u010dinjenicom da niti jedan prijenos podataka preko interneta, ili bilo koje be\u017ei\u010dne mre\u017ee ne mo\u017ee biti 100% siguran. Iako obrt Mlinarica provodi komercijalno razumne za\u0161titne mjere za za\u0161titu podataka, ne mo\u017ee jam\u010diti za\u0161titu bilo koje informacije prenesene na, ili s na\u0161e internetske stranice te nije odgovorna za radnje bilo koje tre\u0107e strane koja takve informacije primi.<\/p><h4><span style=\"color: #fda12a;\"><strong>Pra\u0107enje podataka<\/strong><\/span><\/h4><p>Obrt Mlinarica je ovla\u0161ten pohranjivati na va\u0161em ra\u010dunalu \u201ekola\u010di\u0107e\u201c koji sadr\u017ee informacije o Korisniku koji se koriste radi u\u0161tede vremena Korisnika za vrijeme kori\u0161tenja Internetskih stranica obrta Mlinarica, radi pra\u0107enja i usmjeravanja Korisnikovih interesa s ciljem pru\u017eanja usluga prilago\u0111enih svakom Korisniku. \u201eKola\u010di\u0107i\u201c tako\u0111er prikupljaju neosobne informacije Korisnika. Obrt Mlinarica mo\u017ee koristiti Tre\u0107e agencije za ogla\u0161avanje I prikazivanje oglasa na stranicama obrta Mlinarica. Kao dio njihove usluge Tre\u0107e agencije mogu staviti odvojene \u201ekola\u010di\u0107e\u201c na va\u0161e ra\u010dunalo, nad kojima obrt Mlinarica nema pristup ili kontrolu. Korisnik\u00a0 mo\u017ee urediti postavke pretra\u017eiva\u010da kako bi odbio \u201ekola\u010di\u0107e\u201c, u kojem slu\u010daju se mo\u017ee dogoditi da neki dijelovi internetskih stranica obrta Mlinarica mo\u017eda ne\u0107e pravilno raditi. Obrt Mlinarica mo\u017ee koristiti i druge standardne tehnologije za pra\u0107enje uporabe Internetskih stranica i promocija, te mo\u017ee dozvoliti Tre\u0107im pru\u017eateljima usluga kori\u0161tenje ove metode u ime obrta Mlinarica<\/p><h4><span style=\"color: #fda12a;\"><strong>Povjerljivost podataka tre\u0107ih internetskih stranica<\/strong><\/span><\/h4><p>Ova Izjava o povjerljivosti podataka se odnosi samo na uporabu i objavljivanje informacija koje obrt Mlinarica prikuplja od Korisnika. Druge Internetske stranice kojima se mo\u017ee pristupiti putem internetskih stranica obrta Mlinarica imaju svoje izjave o povjerljivosti i prikupljanju podataka te na\u010dinima njihovog kori\u0161tenja i objavljivanja na njima. Obrt Mlinarica ne snosi odgovornost za na\u010dine i uvjete rada tre\u0107ih strana.<\/p><h4><span style=\"color: #fda12a;\"><strong>Maloljetnici<\/strong><\/span><\/h4><p>Maloljetne osobe mogu sudjelovati u promotivnim aktivnostima jedino i isklju\u010divo uz suglasnost roditelja, staratelja ili skrbnika. Obrt Mlinarica ne\u0107e svjesno prikupljati ili zadr\u017eavati informacije \u2013 osobne podatke djece mla\u0111e od 14 godina bez inzistiranja na tome da pridobiju suglasnost roditelja, ako tako zahtijeva va\u017ee\u0107i zakon. Osobne podatke djeteta obrt Mlinarica \u0107e upotrebljavati ili objavljivati samo ako tako dopu\u0161ta zakon, uz suglasnost roditelja prema lokalnim zakonima ili propisima ili za\u0161tititi dijete.<\/p><h4><span style=\"color: #fda12a;\"><strong>Primjena izjave<\/strong><\/span><\/h4><p>Ova izjava primjenjuje se od 02. lipnja 2021. godine do opoziva od strane obrta Mlinarica<\/p>\t\t\t\t\t\t<\/div>\n\t\t\t\t<\/div>\n\t\t\t\t\t<\/div>\n\t\t<\/div>\n\t\t\t\t\t<\/div>\n\t\t<\/section>\n\t\t\t\t<\/div>\n\t\t","protected":false},"excerpt":{"rendered":"<p>Izjava o tajnosti i povjerljivosti podataka Uvodne odredbe Pristupanjem i\/ili uporabom internetskih stranica www.mlinarica.hr u vlasni\u0161tvu Obrta Mlinarica, Vl. Ivica Jendri\u0107 ( u daljnjem tekstu obrt Mlinarica ) Korisnik potvr\u0111uje da je pro\u010ditao, razumio te da je suglasan s Uvjetima povjerljivosti podataka i na\u010dinima uporabe internetskih stranica obrta Mlinarica. Ukoliko Korisnik s istim nije suglasan, [&hellip;]<\/p>\n","protected":false},"author":1,"featured_media":0,"parent":0,"menu_order":0,"comment_status":"closed","ping_status":"closed","template":"elementor_header_footer","meta":{"_acf_changed":false,"footnotes":""},"class_list":["post-2932","page","type-page","status-publish","hentry"],"acf":[],"yoast_head":"<!-- This site is optimized with the Yoast SEO plugin v23.4 - https:\/\/yoast.com\/wordpress\/plugins\/seo\/ -->\n<title>Izjava o tajnosti i povjerljivosti podataka - Pivnica i pivovara Mlinarica<\/title>\n<meta name=\"robots\" content=\"noindex, follow\" \/>\n<meta property=\"og:locale\" content=\"hr_HR\" \/>\n<meta property=\"og:type\" content=\"article\" \/>\n<meta property=\"og:title\" content=\"Izjava o tajnosti i povjerljivosti podataka - Pivnica i pivovara Mlinarica\" \/>\n<meta property=\"og:description\" content=\"Izjava o tajnosti i povjerljivosti podataka Uvodne odredbe Pristupanjem i\/ili uporabom internetskih stranica www.mlinarica.hr u vlasni\u0161tvu Obrta Mlinarica, Vl. Ivica Jendri\u0107 ( u daljnjem tekstu obrt Mlinarica ) Korisnik potvr\u0111uje da je pro\u010ditao, razumio te da je suglasan s Uvjetima povjerljivosti podataka i na\u010dinima uporabe internetskih stranica obrta Mlinarica. Ukoliko Korisnik s istim nije suglasan, [&hellip;]\" \/>\n<meta property=\"og:url\" content=\"https:\/\/mlinarica.hr\/izmjene\/izjava-o-tajnosti-i-povjerljivosti-podataka\/\" \/>\n<meta property=\"og:site_name\" content=\"Pivnica i pivovara Mlinarica\" \/>\n<meta property=\"article:modified_time\" content=\"2021-06-05T12:07:39+00:00\" \/>\n<meta name=\"twitter:card\" content=\"summary_large_image\" \/>\n<meta name=\"twitter:label1\" content=\"Procijenjeno vrijeme \u010ditanja\" \/>\n\t<meta name=\"twitter:data1\" content=\"7 minuta\" \/>\n<script type=\"application\/ld+json\" class=\"yoast-schema-graph\">{\"@context\":\"https:\/\/schema.org\",\"@graph\":[{\"@type\":\"WebPage\",\"@id\":\"https:\/\/mlinarica.hr\/izmjene\/izjava-o-tajnosti-i-povjerljivosti-podataka\/\",\"url\":\"https:\/\/mlinarica.hr\/izmjene\/izjava-o-tajnosti-i-povjerljivosti-podataka\/\",\"name\":\"Izjava o tajnosti i povjerljivosti podataka - Pivnica i pivovara Mlinarica\",\"isPartOf\":{\"@id\":\"https:\/\/mlinarica.hr\/izmjene\/#website\"},\"datePublished\":\"2021-06-02T10:47:43+00:00\",\"dateModified\":\"2021-06-05T12:07:39+00:00\",\"breadcrumb\":{\"@id\":\"https:\/\/mlinarica.hr\/izmjene\/izjava-o-tajnosti-i-povjerljivosti-podataka\/#breadcrumb\"},\"inLanguage\":\"hr\",\"potentialAction\":[{\"@type\":\"ReadAction\",\"target\":[\"https:\/\/mlinarica.hr\/izmjene\/izjava-o-tajnosti-i-povjerljivosti-podataka\/\"]}]},{\"@type\":\"BreadcrumbList\",\"@id\":\"https:\/\/mlinarica.hr\/izmjene\/izjava-o-tajnosti-i-povjerljivosti-podataka\/#breadcrumb\",\"itemListElement\":[{\"@type\":\"ListItem\",\"position\":1,\"name\":\"Po\u010detna stranica\",\"item\":\"https:\/\/mlinarica.hr\/izmjene\/\"},{\"@type\":\"ListItem\",\"position\":2,\"name\":\"Izjava o tajnosti i povjerljivosti podataka\"}]},{\"@type\":\"WebSite\",\"@id\":\"https:\/\/mlinarica.hr\/izmjene\/#website\",\"url\":\"https:\/\/mlinarica.hr\/izmjene\/\",\"name\":\"Pivnica i pivovara Mlinarica\",\"description\":\"Doma\u0107a hrana i vlastito craft pivo\",\"publisher\":{\"@id\":\"https:\/\/mlinarica.hr\/izmjene\/#organization\"},\"potentialAction\":[{\"@type\":\"SearchAction\",\"target\":{\"@type\":\"EntryPoint\",\"urlTemplate\":\"https:\/\/mlinarica.hr\/izmjene\/?s={search_term_string}\"},\"query-input\":{\"@type\":\"PropertyValueSpecification\",\"valueRequired\":true,\"valueName\":\"search_term_string\"}}],\"inLanguage\":\"hr\"},{\"@type\":\"Organization\",\"@id\":\"https:\/\/mlinarica.hr\/izmjene\/#organization\",\"name\":\"Pivnica i pivovara Mlinarica\",\"url\":\"https:\/\/mlinarica.hr\/izmjene\/\",\"logo\":{\"@type\":\"ImageObject\",\"inLanguage\":\"hr\",\"@id\":\"https:\/\/mlinarica.hr\/izmjene\/#\/schema\/logo\/image\/\",\"url\":\"https:\/\/mlinarica.hr\/izmjene\/wp-content\/uploads\/2020\/12\/cropped-Mlinarica_siteicon.png\",\"contentUrl\":\"https:\/\/mlinarica.hr\/izmjene\/wp-content\/uploads\/2020\/12\/cropped-Mlinarica_siteicon.png\",\"width\":504,\"height\":426,\"caption\":\"Pivnica i pivovara Mlinarica\"},\"image\":{\"@id\":\"https:\/\/mlinarica.hr\/izmjene\/#\/schema\/logo\/image\/\"}}]}<\/script>\n<!-- \/ Yoast SEO plugin. -->","yoast_head_json":{"title":"Izjava o tajnosti i povjerljivosti podataka - Pivnica i pivovara Mlinarica","robots":{"index":"noindex","follow":"follow"},"og_locale":"hr_HR","og_type":"article","og_title":"Izjava o tajnosti i povjerljivosti podataka - Pivnica i pivovara Mlinarica","og_description":"Izjava o tajnosti i povjerljivosti podataka Uvodne odredbe Pristupanjem i\/ili uporabom internetskih stranica www.mlinarica.hr u vlasni\u0161tvu Obrta Mlinarica, Vl. Ivica Jendri\u0107 ( u daljnjem tekstu obrt Mlinarica ) Korisnik potvr\u0111uje da je pro\u010ditao, razumio te da je suglasan s Uvjetima povjerljivosti podataka i na\u010dinima uporabe internetskih stranica obrta Mlinarica. Ukoliko Korisnik s istim nije suglasan, [&hellip;]","og_url":"https:\/\/mlinarica.hr\/izmjene\/izjava-o-tajnosti-i-povjerljivosti-podataka\/","og_site_name":"Pivnica i pivovara Mlinarica","article_modified_time":"2021-06-05T12:07:39+00:00","twitter_card":"summary_large_image","twitter_misc":{"Procijenjeno vrijeme \u010ditanja":"7 minuta"},"schema":{"@context":"https:\/\/schema.org","@graph":[{"@type":"WebPage","@id":"https:\/\/mlinarica.hr\/izmjene\/izjava-o-tajnosti-i-povjerljivosti-podataka\/","url":"https:\/\/mlinarica.hr\/izmjene\/izjava-o-tajnosti-i-povjerljivosti-podataka\/","name":"Izjava o tajnosti i povjerljivosti podataka - Pivnica i pivovara Mlinarica","isPartOf":{"@id":"https:\/\/mlinarica.hr\/izmjene\/#website"},"datePublished":"2021-06-02T10:47:43+00:00","dateModified":"2021-06-05T12:07:39+00:00","breadcrumb":{"@id":"https:\/\/mlinarica.hr\/izmjene\/izjava-o-tajnosti-i-povjerljivosti-podataka\/#breadcrumb"},"inLanguage":"hr","potentialAction":[{"@type":"ReadAction","target":["https:\/\/mlinarica.hr\/izmjene\/izjava-o-tajnosti-i-povjerljivosti-podataka\/"]}]},{"@type":"BreadcrumbList","@id":"https:\/\/mlinarica.hr\/izmjene\/izjava-o-tajnosti-i-povjerljivosti-podataka\/#breadcrumb","itemListElement":[{"@type":"ListItem","position":1,"name":"Po\u010detna stranica","item":"https:\/\/mlinarica.hr\/izmjene\/"},{"@type":"ListItem","position":2,"name":"Izjava o tajnosti i povjerljivosti podataka"}]},{"@type":"WebSite","@id":"https:\/\/mlinarica.hr\/izmjene\/#website","url":"https:\/\/mlinarica.hr\/izmjene\/","name":"Pivnica i pivovara Mlinarica","description":"Doma\u0107a hrana i vlastito craft pivo","publisher":{"@id":"https:\/\/mlinarica.hr\/izmjene\/#organization"},"potentialAction":[{"@type":"SearchAction","target":{"@type":"EntryPoint","urlTemplate":"https:\/\/mlinarica.hr\/izmjene\/?s={search_term_string}"},"query-input":{"@type":"PropertyValueSpecification","valueRequired":true,"valueName":"search_term_string"}}],"inLanguage":"hr"},{"@type":"Organization","@id":"https:\/\/mlinarica.hr\/izmjene\/#organization","name":"Pivnica i pivovara Mlinarica","url":"https:\/\/mlinarica.hr\/izmjene\/","logo":{"@type":"ImageObject","inLanguage":"hr","@id":"https:\/\/mlinarica.hr\/izmjene\/#\/schema\/logo\/image\/","url":"https:\/\/mlinarica.hr\/izmjene\/wp-content\/uploads\/2020\/12\/cropped-Mlinarica_siteicon.png","contentUrl":"https:\/\/mlinarica.hr\/izmjene\/wp-content\/uploads\/2020\/12\/cropped-Mlinarica_siteicon.png","width":504,"height":426,"caption":"Pivnica i pivovara Mlinarica"},"image":{"@id":"https:\/\/mlinarica.hr\/izmjene\/#\/schema\/logo\/image\/"}}]}},"_links":{"self":[{"href":"https:\/\/mlinarica.hr\/izmjene\/wp-json\/wp\/v2\/pages\/2932"}],"collection":[{"href":"https:\/\/mlinarica.hr\/izmjene\/wp-json\/wp\/v2\/pages"}],"about":[{"href":"https:\/\/mlinarica.hr\/izmjene\/wp-json\/wp\/v2\/types\/page"}],"author":[{"embeddable":true,"href":"https:\/\/mlinarica.hr\/izmjene\/wp-json\/wp\/v2\/users\/1"}],"replies":[{"embeddable":true,"href":"https:\/\/mlinarica.hr\/izmjene\/wp-json\/wp\/v2\/comments?post=2932"}],"version-history":[{"count":8,"href":"https:\/\/mlinarica.hr\/izmjene\/wp-json\/wp\/v2\/pages\/2932\/revisions"}],"predecessor-version":[{"id":3090,"href":"https:\/\/mlinarica.hr\/izmjene\/wp-json\/wp\/v2\/pages\/2932\/revisions\/3090"}],"wp:attachment":[{"href":"https:\/\/mlinarica.hr\/izmjene\/wp-json\/wp\/v2\/media?parent=2932"}],"curies":[{"name":"wp","href":"https:\/\/api.w.org\/{rel}","templated":true}]}}